
-1000
-27 (base 15) to base 10
-37
Convert -2 (base 5) to base 13.
-2
-4 (base 9) to base 11
-4
What is -1 (base 2) in base 10?
-1
2 (base 12) to base 13
2
-102 (base 5) to base 7
-36
What is 11001 (base 2) in base 7?
34
Convert 110 (base 2) to base 4.
12
Convert -a4 (base 15) to base 14.
-b0
-6 (base 9) to base 8
-6
Convert -64 (base 8) to base 7.
-103
1 (base 10) to base 14
1
Convert 13 (base 4) to base 16.
7
Convert -4 (base 14) to base 4.
-10
-2 (base 6) to base 4
-2
Convert 41 (base 6) to base 4.
121
-3a (base 14) to base 3
-1221
1 (base 5) to base 6
1
Convert -11 (base 10) to base 8.
-13
Convert -2 (base 16) to base 2.
-10
What is e (base 15) in base 16?
e
Convert 2 (base 14) to base 16.
2
-1b (base 16) to base 7
-36
-21 (base 12) to base 10
-25
Convert -41 (base 11) to base 16.
-2d
5 (base 16) to base 3
12
-111 (base 4) to base 13
-18
22 (base 4) to base 2
1010
1 (base 10) to base 15
1
Convert -14 (base 15) to base 7.
-25
1 (base 11) to base 8
1
Convert 1 (base 12) to base 10.
1
Convert -42 (base 12) to base 14.
-38
-1110 (base 3) to base 10
-39
Convert 5 (base 10) to base 16.
5
Convert -103 (base 8) to base 11.
-61
26 (base 9) to base 16
18
-3 (base 8) to base 7
-3
What is 8 (base 13) in base 7?
11
What is -202 (base 3) in base 2?
-10100
Convert -143 (base 8) to base 12.
-83
-202 (base 3) to base 10
-20
Convert 8 (base 12) to base 16.
8
Convert -121 (base 10) to base 2.
-1111001
What is -4 (base 15) in base 13?
-4
What is 11110 (base 2) in base 4?
132
10 (base 6) to base 5
11
Convert -101010110 (base 2) to base 15.
-17c
What is -1 (base 14) in base 4?
-1
-11 (base 2) to base 16
-3
-1 (base 8) to base 15
-1
What is -1 (base 4) in base 14?
-1
Convert 1 (base 5) to base 11.
1
What is 3 (base 12) in base 13?
3
2 (base 9) to base 16
2
-11011 (base 2) to base 13
-21
Convert 3 (base 8) to base 9.
3
-85 (base 9) to base 14
-57
What is 0 (base 8) in base 2?
0
What is -22 (base 3) in base 12?
-8
20 (base 3) to base 8
6
What is -22 (base 12) in base 6?
-42
-268 (base 12) to base 14
-1c4
What is -1 (base 2) in base 16?
-1
-26 (base 10) to base 6
-42
What is -35 (base 9) in base 14?
-24
What is 1 (base 15) in base 3?
1
What is 1 (base 5) in base 4?
1
What is -41 (base 9) in base 2?
-100101
Convert 43 (base 5) to base 6.
35
Convert -2020 (base 3) to base 13.
-48
What is c (base 14) in base 5?
22
Convert 74 (base 14) to base 12.
86
What is 47 (base 13) in base 7?
113
Convert 8 (base 9) to base 3.
22
Convert -1 (base 12) to base 4.
-1
-111 (base 2) to base 7
-10
What is 0 (base 6) in base 16?
0
What is 83 (base 14) in base 4?
1303
Convert 102 (base 4) to base 5.
33
-2 (base 7) to base 5
-2
What is 3210 (base 4) in base 15?
103
What is 7 (base 10) in base 4?
13
What is 205 (base 8) in base 12?
b1
Convert -89 (base 10) to base 14.
-65
What is -5 (base 13) in base 14?
-5
-1013 (base 4) to base 15
-4b
Convert 1 (base 6) to base 10.
1
Convert -2 (base 10) to base 13.
-2
-12 (base 5) to base 16
-7
Convert 4 (base 7) to base 2.
100
432 (base 6) to base 7
323
What is -71 (base 16) in base 12?
-95
-75 (base 8) to base 9
-67
Convert -4 (base 15) to base 7.
-4
What is d (base 15) in base 11?
12
Convert -12 (base 4) to base 6.
-10
Convert -401 (base 6) to base 12.
-101
Convert 50 (base 7) to base 9.
38
Convert 332 (base 6) to base 13.
9b
Convert -11b (base 15) to base 2.
-11111011
Convert -50 (base 6) to base 3.
-1010
Convert 3 (base 7) to base 15.
3
What is a (base 16) in base 2?
1010
Convert 101 (base 2) to base 4.
11
What is 2 (base 13) in base 11?
2
212 (base 7) to base 2
1101011
Convert -214 (base 5) to base 9.
-65
0 (base 13) to base 10
0
Convert 3 (base 16) to base 10.
3
36 (base 10) to base 14
28
-97 (base 11) to base 7
-211
Convert 138 (base 12) to base 9.
228
What is -2 (base 7) in base 3?
-2
Convert -e (base 16) to base 12.
-12
Convert -4 (base 6) to base 9.
-4
Convert -1110 (base 4) to base 2.
-1010100
Convert 96 (base 12) to base 3.
11020
Convert 3 (base 14) to base 10.
3
Convert 17 (base 11) to base 2.
10010
What is -3 (base 15) in base 7?
-3
Convert 2 (base 4) to base 16.
2
Convert 1 (base 7) to base 6.
1
What is -1 (base 16) in base 7?
-1
-3 (base 12) to base 10
-3
Convert 11 (base 12) to base 13.
10
Convert 22 (base 6) to base 2.
1110
7 (base 16) to base 4
13
Convert -1d7 (base 15) to base 7.
-1150
-1 (base 2) to base 11
-1
What is 6 (base 11) in base 2?
110
-2 (base 8) to base 7
-2
Convert -24 (base 9) to base 4.
-112
What is -30 (base 9) in base 12?
-23
What is 3 (base 6) in base 8?
3
Convert 40 (base 5) to base 3.
202
83 (base 9) to base 12
63
Convert 1 (base 7) to base 4.
1
Convert -10 (base 5) to base 9.
-5
Convert -1 (base 14) to base 7.
-1
-3 (base 9) to base 10
-3
-111111 (base 2) to base 4
-333
What is -6 (base 14) in base 8?
-6
What is 168 (base 13) in base 16?
ff
-2 (base 12) to base 8
-2
Convert 0 (base 16) to base 15.
0
Convert 4 (base 12) to base 14.
4
Convert 13 (base 7) to base 10.
10
-115 (base 12) to base 4
-2201
-2 (base 6) to base 2
-10
Convert -101 (base 2) to base 4.
-11
What is -44 (base 7) in base 8?
-40
Convert 38 (base 11) to base 9.
45
What is 101001 (base 2) in base 3?
1112
120111 (base 3) to base 13
262
-1420 (base 5) to base 2
-11101011
Convert 4 (base 14) to base 5.
4
Convert 100011 (base 2) to base 13.
29
Convert -30 (base 4) to base 13.
-c
Convert -5 (base 14) to base 9.
-5
Convert -19 (base 11) to base 5.
-40
242 (base 6) to base 16
62
What is -2 (base 15) in base 9?
-2
0 (base 6) to base 16
0
What is 24 (base 10) in base 14?
1a
-126 (base 11) to base 7
-302
-3 (base 6) to base 13
-3
29 (base 11) to base 4
133
Convert -5 (base 12) to base 2.
-101
-17 (base 12) to base 6
-31
Convert -1 (base 5) to base 2.
-1
33 (base 12) to base 8
47
-3 (base 8) to base 5
-3
What is 6 (base 11) in base 6?
10
11 (base 7) to base 11
8
What is -1 (base 11) in base 5?
-1
What is 2 (base 3) in base 12?
2
What is d (base 16) in base 10?
13
Convert 3 (base 8) to base 4.
3
What is -21 (base 3) in base 10?
-7
Convert 14 (base 6) to base 7.
13
2b (base 15) to base 10
41
Convert -16 (base 9) to base 13.
-12
What is -1101101 (base 2) in base 16?
-6d
127 (base 8) to base 15
5c
What is 18 (base 9) in base 6?
25
Convert 130 (base 6) to base 12.
46
-1 (base 11) to base 3
-1
What is -34 (base 7) in base 8?
-31
-10110001 (base 2) to base 12
-129
200 (base 3) to base 7
24
What is -e4 (base 16) in base 5?
-1403
What is 11 (base 12) in base 8?
15
What is 12 (base 7) in base 14?
9
Convert 87 (base 14) to base 13.
92
What is 35 (base 12) in base 8?
51
What is 86 (base 15) in base 6?
330
-135 (base 12) to base 11
-159
Convert -124 (base 9) to base 5.
-403
Convert 10 (base 6) to base 10.
6
101010 (base 2) to base 3
1120
Convert f (base 16) to base 6.
23
-2 (base 15) to base 9
-2
-10120 (base 4) to base 14
-160
-16 (base 11) to base 8
-21
What is -87 (base 12) in base 4?
-1213
Convert 1 (base 2) to base 7.
1
102 (base 5) to base 12
23
-6 (base 7) to base 8
-6
-2 (base 5) to base 11
-2
What is -4 (base 10) in base 6?
-4
Convert 65 (base 14) to base 15.
5e
244 (base 8) to base 9
202
What is 3 (base 4) in base 16?
3
200 (base 3) to base 13
15
What is -10110 (base 3) in base 13?
-72
Convert -2 (base 3) to base 4.
-2
1222 (base 3) to base 2
110101
What is 3 (base 6) in base 5?
3
What is -10 (base 14) in base 5?
-24
-11 (base 11) to base 7
-15
Convert 12 (base 4) to base 9.
6
-41 (base 9) to base 13
-2b
What is -2 (base 4) in base 3?
-2
Convert -2034 (base 5) to base 4.
-10031
What is -1 (base 9) in base 16?
-1
What is 8 (base 10) in base 11?
8
1 (base 8) to base 2
1
-6 (base 8) to base 7
-6
What is 110 (base 2) in base 16?
6
34 (base 7) to base 14
1b
b2 (base 12) to base 4
2012
1 (base 3) to base 9
1
What is 313 (base 10) in base 14?
185
-12 (base 5) to base 7
-10
Convert 2 (base 13) to base 4.
2
-80 (base 15) to base 16
-78
What is -1 (base 3) in base 5?
-1
Convert 45 (base 8) to base 7.
52
4 (base 12) to base 10
4
What is -10 (base 2) in base 11?
-2
What is -10 (base 10) in base 6?
-14
-b (base 14) to base 10
-11
What is 85 (base 14) in base 2?
1110101
What is 11 (base 4) in base 3?
12
Convert -1a (base 13) to base 11.
-21
What is 1 (base 15) in base 8?
1
What is 0 (base 13) in base 4?
0
1 (base 3) to base 11
1
What is -1111101 (base 2) in base 14?
-8d
